g.
7
Suppose 4*d - 125 = -3*q, 2*q + 27 = -2*d + 111. What is the highest common factor of 473 and q?
43
Suppose 4*w + w = 105. Let b = 129 + -66. Let k = 168 + b. Calculate the greatest common divisor of k and w.
21
Suppose -38*d = -62*d + 216. Calculate the highest common divisor of d and 288.
9
Suppose 5*y = -c + 182, -c + y - 85 = -273. What is the highest common divisor of 22 and c?
11
Let r be (8/(-6))/((-14)/63). Let s be 128/r - 7/21. What is the greatest common divisor of s and 168?
21
Let x be (-1279)/(-1) + 24/(-4). Calculate the greatest common divisor of x and 19.
19
Let k be (-7)/(-1078)*14*121. Let o(m) be the first derivative of 7*m**3/3 + m**2 - 2*m - 1. Let f be o(-2). What is the greatest common divisor of f and k?
11
Suppose -23 = -3*d - 11. Suppose l + 2*q - 21 = 0, 2*l + d*q = -3*l + 99. What is the highest common factor of 76 and l?
19
Let x = -74 + 110. Suppose -23*k + 171 + 20 = 53. What is the highest common divisor of x and k?
6
Let r be (-12 + 6 + 5)/((-6)/1134). Calculate the greatest common divisor of r and 14.
7
Let c be (64 + -4)*(-2)/(-4). Let p = 3 - 3. Suppose p*o + 2*o = 24. What is the highest common factor of o and c?
6
Suppose -2*w + 3*f = w - 3, 0 = -w - 5*f + 25. Calculate the greatest common factor of w and 115.
5
Let t = -1037 - -1051. Calculate the highest common factor of t and 203.
7
Let i = -161 - -182. What is the greatest common factor of i and 63?
21
Let v be 7834/30 + 3*(-4)/90. What is the highest common divisor of 18 and v?
9
Let m = -1 - -9. Suppose -m = -3*p + 19. Suppose -k - p = -21. What is the highest common factor of k and 12?
12
Suppose 4*j = 4*v + 124, 0 = 2*j - 3*v - 2*v - 47. What is the greatest common factor of j and 54?
18
Suppose -195 = -u + 3*f - 34, u + 3*f = 143. What is the greatest common factor of 8 and u?
8
Let y be 6/4*(5 + 4 + 11). Calculate the greatest common divisor of 48 and y.
6
Let z(j) = j**2 - j + 22. Suppose 0 = -2*g - 3*g - 80. Let v = -16 - g. Let s be z(v). What is the greatest common divisor of 2 and s?
2
Let t = -560 - -674. Calculate the highest common factor of t and 304.
38
Let t be (-2)/14 + (-1265)/(-35). Let v = t + -24. Calculate the highest common divisor of v and 60.
12
Let t = -34 - -103. Suppose -5*f + t = 2*y - 9, -5*f + 83 = -3*y. Calculate the greatest common divisor of f and 2.
2
Let z = -2129 - -2339. Calculate the highest common divisor of z and 7.
7
Let l be 60/((-4)/14 - 50/(-28)). Let f = 170 - l. Calculate the highest common factor of 26 and f.
26
Suppose 107 = 4*p + r - 4, 48 = 2*p - 2*r. Calculate the greatest common divisor of p and 117.
9
Let y(n) = -n**3 - 18*n**2 - 3*n - 19. Let h(g) = -5*g**2 - 18*g - 10. Let i be h(-4). Let k be y(i). What is the greatest common factor of 14 and k?
7
Let u be (-192)/(-36)*(-18)/(-8). Let r(l) = 2*l**3 + 9*l**2 - 3*l + 19. Let y be r(-5). What is the greatest common factor of u and y?
3
Suppose 0 = 26*u - 60 - 70. What is the highest common factor of u and 20?
5
Let h = -10 - -27. Suppose -18 = -4*o - 2*f + 14, -2*f = -4. Suppose -5*l + o*l = 34. Calculate the greatest common divisor of h and l.
17
Suppose 2*d = 7*d - 15. Suppose -b = -0 - d. Suppose 0 = 3*j - 2*s - 422, -b*s + 2*s + 149 = j. Calculate the highest common factor of j and 16.
16
Suppose -2*d = -7*d - 140. Suppose 4*z - 8*z - 76 = 4*v, 5*z = -2*v - 83. Let j = z - d. Calculate the highest common divisor of 13 and j.
13
Suppose 4*i - 2456 = -2*v, -5*v + 817 = 2*i - 403. What is the highest common divisor of i and 30?
15
Let y(w) = 5*w**2 - 2*w - 14*w**3 + 13*w**3 + 1 + 3*w**2. Let t be y(3). Calculate the greatest common divisor of t and 10.
10
Let c(d) = 6*d**2 + 26*d + 66. Let a be c(-6). What is the greatest common factor of 84 and a?
42
Let p(q) = -q + 38. Let y be p(-8). Suppose -4*b + 11 = -5*m, 2*b - y = -2*b - 2*m. What is the greatest common divisor of b and 72?
9
Suppose 0 = -20*g + 315 + 145. What is the highest common divisor of 575 and g?
23
Suppose -109*x = -110*x + 384. Calculate the highest common divisor of 24 and x.
24
Let i = -48 - -50. Suppose -i*a + a - 7 = 3*z, 3*z + 47 = 4*a. What is the greatest common divisor of a and 8?
8
Let q(g) = -g + 8. Let j be q(8). Let d be -1*(3 + 0) + j. Let o be -3*(-3 + (d - 1)). What is the greatest common divisor of 14 and o?
7
Let i = 158 + -161. Let n be (-1)/i*33 + -2. What is the highest common factor of n and 12?
3
Let m = -70 + 15. Let u = m - -103. Calculate the greatest common divisor of 12 and u.
12
Suppose -33 = -4*h - 97. Let n = -24 - h. Let y = 12 - n. What is the highest common factor of y and 80?
20
Let b(p) = -p**3 - 21*p**2 + 42*p + 12. Let r be b(-23). Let j = -14 + 33. Let y = 32 - j. What is the highest common factor of y and r?
13
Let t(w) = 22*w + 57. Let y be t(-2). Calculate the greatest common factor of y and 221.
13
Suppose -13*h + 3*x + 33 = -8*h, -3*x + 3 = -h. What is the highest common divisor of h and 33?
3
Let p = 4 - -1. Suppose 0 = 3*d - 3*l, 0 = -0*d - 2*d - p*l + 28. Suppose 0 = d*o - 10 - 2. What is the highest common divisor of o and 9?
3
Suppose -2*j = -0*j - 16. Let a be (j/20)/((-1)/(-50)). Suppose -4*g = 3*k - a, 1 = 2*g + 3*k - 3. Calculate the highest common divisor of 8 and g.
8
Let y be 180/240*4/3. Calculate the greatest common divisor of y and 64.
1
Let i(a) = -a**3 - 8*a**2 - 3*a - 1. Let y(d) = -d**2 + 7*d - 8. Let v be y(7). Let n be i(v). What is the highest common factor of 207 and n?
23
Suppose 2*a - 6*a = 4. Let u be (a + -1)/((-2)/115). Let n(y) = y**2 + 15*y + 77. Let j be n(-9). What is the greatest common divisor of j and u?
23
Let r(o) = -33*o + 15. Let k be r(-4). Calculate the greatest common divisor of 245 and k.
49
Let r = 636 - 328. What is the greatest common factor of 28 and r?
28
Suppose -2*t = -7*t, -3*x + 2*t = -90. What is the highest common divisor of x and 150?
30
Let z be 744/6 - (20 - 10). Let m be (-12)/9*114/(-4). What is the highest common factor of z and m?
38
Suppose 4*v - 5*l - 2 = 0, 4*v = -l + 4*l + 6. Suppose -v*d - 14 = -116. What is the greatest common factor of 306 and d?
34
Suppose -3*y - 4 = -3*q - 10, 0 = y + 5*q + 4. Suppose 557*k - 563*k + 54 = 0. Let j = y + k. Calculate the greatest common divisor of j and 15.
5
Suppose 79 = 2*z - 69. Let d(g) = 60*g + 10. Let c(f) = -30*f - 5. Let h(y) = 5*c(y) + 3*d(y). Let n be h(6). What is the greatest common factor of n and z?
37
Suppose 0 = -15*j + 11*j + 16. Let y(c) = -2 + 1 + c**2 + c + 8*c**2. Let g be y(j). Calculate the highest common factor of 21 and g.
21
Suppose 3*u = 5*l - 0*u, 2*l + u = 0. Suppose 3*w + 23 + 19 = l. Let r be 3/((-9)/(-6)) - w. What is the greatest common factor of r and 2?
2
Suppose p - 6*p + 40 = 5*f, -2*f = -p - 25. Let k = f - 7. What is the greatest common divisor of 14 and k?
2
Suppose 3*z = -2*d - 3*d + 25, -3*d = 2*z - 18. Suppose 0 = s - 4*s + z. Suppose -s*t + 3*t = -16. What is the highest common factor of t and 88?
8
Suppose 0 = -16*x + 26*x - 2520. Calculate the highest common factor of 108 and x.
36
Suppose 3*m - 37 = -c - 1, 0 = 4*c. Suppose -d + 14*d = -52. Let p(f) = 5*f**2 + 18*f - 5. Let l be p(d). What is the highest common factor of m and l?
3
Let m = -211 + 330. What is the highest common divisor of m and 7?
7
Let j be ((-36)/14)/(105/(-2450)). Calculate the greatest common factor of 48 and j.
12
Let h = -5 + 10. Let w = h - 2. Suppose -2*l + w*l = 6. What is the greatest common divisor of l and 66?
6
Suppose -14*z + 985 = 103. What is the greatest common factor of z and 14?
7
Let c be 1/6 + 11613/(-18). Let j be c/(-10) - ((-3)/(-6) + 0). Calculate the highest common factor of 96 and j.
32
Suppose 0 = 5*z - 9 - 6. Let p be 292/12 + 2/z. What is the greatest common factor of 175 and p?
25
Suppose -22 + 10 = -m + 2*r, -5*m - 3*r = -73. What is the greatest common factor of 1806 and m?
14
Let v be (2/(-6) - -1)*21. Let y be (-18)/21*84/(-18). What is the highest common divisor of v and y?
2
Suppose 7*n = n + 12. Suppose 115 = n*y - y. What is the greatest common factor of y and 46?
23
Let b = 3 - 1. Let a be b/11 - (-256)/44. Suppose -180 = -a*x + 1170. What is the highest common factor of 25 and x?
25
Suppose -2*d + 250 = 2*x, -4*d + 252 = -2*d + 4*x. Calculate the highest common divisor of 